{"id":214,"date":"2011-11-08T11:19:55","date_gmt":"2011-11-08T10:19:55","guid":{"rendered":"http:\/\/sybille-naunin.de\/?page_id=214"},"modified":"2025-12-28T19:07:23","modified_gmt":"2025-12-28T18:07:23","slug":"kosten-kostenerstattung","status":"publish","type":"page","link":"https:\/\/sybille-naunin.de\/?page_id=214","title":{"rendered":"Kosten &#038; Kostenerstattung"},"content":{"rendered":"<p><strong><span style=\"text-decoration: underline;\">Kosten:<\/span><\/strong><\/p>\n<p><strong><span style=\"text-decoration: underline;\">Nach der GO\u00c4-Geb\u00fchrenordnung f\u00fcr \u00c4rzte<br \/>\n<\/span><\/strong><\/p>\n<p><strong><span style=\"text-decoration: underline;\"> <\/span><\/strong><br \/>\nErstanamnese (Dauer max. 1,5 Stunden):\u00a0\u00a0\u00a0\u00a0\u00a0\u00a0 \u00a0 \u00a0 \u00a0 \u00a0 \u00a0 \u00a0 \u00a0 \u00a0 \u00a0 \u00a0 151,65\u20ac<br \/>\nFolgeanamnese (Dauer max. 30 Min.):\u00a0\u00a0\u00a0\u00a0\u00a0\u00a0\u00a0\u00a0\u00a0\u00a0\u00a0\u00a0 \u00a0 \u00a0 \u00a0 \u00a0 \u00a0 \u00a0 \u00a0 \u00a0 \u00a0 \u00a0 90,87\u20ac<br \/>\nBeratung (auch Tel.):\u00a0\u00a0\u00a0\u00a0 \u00a0 \u00a0 \u00a0 \u00a0 \u00a0 \u00a0 \u00a0 \u00a0\u00a0 \u00a0 \u00a0 \u00a0 \u00a0 \u00a0 \u00a0 \u00a0 \u00a0 \u00a0 \u00a0\u00a0 \u00a0 \u00a0 20,11\u20ac\u00a0 &#8211; 40, 22 \u20ac<\/p>\n<p>Kosten f\u00fcr Hom\u00f6opathische Mittel werden extra berechnet.<\/p>\n<p><span style=\"text-decoration: underline;\"> <\/span><\/p>\n<p>&nbsp;<\/p>\n","protected":false},"excerpt":{"rendered":"<p>Kosten: Nach der GO\u00c4-Geb\u00fchrenordnung f\u00fcr \u00c4rzte Erstanamnese (Dauer max. 1,5 Stunden):\u00a0\u00a0\u00a0\u00a0\u00a0\u00a0 \u00a0 \u00a0 \u00a0 \u00a0 \u00a0 \u00a0 \u00a0 \u00a0 \u00a0 \u00a0 151,65\u20ac Folgeanamnese (Dauer max. 30 Min.):\u00a0\u00a0\u00a0\u00a0\u00a0\u00a0\u00a0\u00a0\u00a0\u00a0\u00a0\u00a0 \u00a0 \u00a0 \u00a0 \u00a0 \u00a0 \u00a0 \u00a0 \u00a0 \u00a0 \u00a0 90,87\u20ac Beratung (auch Tel.):\u00a0\u00a0\u00a0\u00a0 \u00a0 \u00a0 \u00a0 \u00a0 \u00a0 \u00a0 \u00a0 \u00a0\u00a0 \u00a0 \u00a0 \u00a0 \u00a0 \u00a0 \u00a0 &#8230; <a title=\"Kosten &#038; Kostenerstattung\" class=\"read-more\" href=\"https:\/\/sybille-naunin.de\/?page_id=214\" aria-label=\"Mehr Informationen \u00fcber Kosten &#038; Kostenerstattung\">Weiterlesen<\/a><\/p>\n","protected":false},"author":2,"featured_media":0,"parent":46,"menu_order":0,"comment_status":"closed","ping_status":"closed","template":"","meta":{"footnotes":""},"class_list":["post-214","page","type-page","status-publish"],"_links":{"self":[{"href":"https:\/\/sybille-naunin.de\/index.php?rest_route=\/wp\/v2\/pages\/214","targetHints":{"allow":["GET"]}}],"collection":[{"href":"https:\/\/sybille-naunin.de\/index.php?rest_route=\/wp\/v2\/pages"}],"about":[{"href":"https:\/\/sybille-naunin.de\/index.php?rest_route=\/wp\/v2\/types\/page"}],"author":[{"embeddable":true,"href":"https:\/\/sybille-naunin.de\/index.php?rest_route=\/wp\/v2\/users\/2"}],"replies":[{"embeddable":true,"href":"https:\/\/sybille-naunin.de\/index.php?rest_route=%2Fwp%2Fv2%2Fcomments&post=214"}],"version-history":[{"count":15,"href":"https:\/\/sybille-naunin.de\/index.php?rest_route=\/wp\/v2\/pages\/214\/revisions"}],"predecessor-version":[{"id":795,"href":"https:\/\/sybille-naunin.de\/index.php?rest_route=\/wp\/v2\/pages\/214\/revisions\/795"}],"up":[{"embeddable":true,"href":"https:\/\/sybille-naunin.de\/index.php?rest_route=\/wp\/v2\/pages\/46"}],"wp:attachment":[{"href":"https:\/\/sybille-naunin.de\/index.php?rest_route=%2Fwp%2Fv2%2Fmedia&parent=214"}],"curies":[{"name":"wp","href":"https:\/\/api.w.org\/{rel}","templated":true}]}}